 is the units digit of 15699?
9
What is the hundreds digit of 941?
9
What is the thousands digit of 8823?
8
What is the units digit of 62935?
5
What is the ten thousands digit of 119987?
1
What is the tens digit of 90999?
9
What is the units digit of 5030?
0
What is the units digit of 1584?
4
What is the tens digit of 114538?
3
What is the hundreds digit of 143?
1
What is the units digit of 1127?
7
What is the tens digit of 27775?
7
What is the units digit of 154918?
8
What is the hundreds digit of 320?
3
What is the thousands digit of 2193?
2
What is the units digit of 618?
8
What is the hundreds digit of 1760?
7
What is the units digit of 304?
4
What is the units digit of 2153?
3
What is the hundreds digit of 10435?
4
What is the hundreds digit of 174?
1
What is the units digit of 1542?
2
What is the thousands digit of 71277?
1
What is the hundreds digit of 1259?
2
What is the units digit of 138?
8
What is the tens digit of 156740?
4
What is the tens digit of 42390?
9
What is the tens digit of 149?
4
What is the ten thousands digit of 14343?
1
What is the hundreds digit of 2597?
5
What is the units digit of 106601?
1
What is the units digit of 1136?
6
What is the hundreds digit of 1437?
4
What is the tens digit of 13452?
5
What is the units digit of 215?
5
What is the hundreds digit of 252?
2
What is the thousands digit of 36900?
6
What is the tens digit of 5986?
8
What is the hundreds digit of 1251?
2
What is the units digit of 3567?
7
What is the tens digit of 1960?
6
What is the thousands digit of 5391?
5
What is the hundreds digit of 4536?
5
What is the tens digit of 939?
3
What is the hundreds digit of 4213?
2
What is the tens digit of 5785?
8
What is the hundreds digit of 14924?
9
What is the thousands digit of 1728?
1
What is the tens digit of 1474?
7
What is the thousands digit of 95940?
5
What is the thousands digit of 4312?
4
What is the thousands digit of 1239?
1
What is the tens digit of 711?
1
What is the thousands digit of 1922?
1
What is the units digit of 15798?
8
What is the tens digit of 627?
2
What is the ten thousands digit of 77722?
7
What is the tens digit of 4947?
4
What is the units digit of 45052?
2
What is the tens digit of 379?
7
What is the hundreds digit of 61119?
1
What is the tens digit of 17667?
6
What is the hundreds digit of 14308?
3
What is the tens digit of 70956?
5
What is the tens digit of 927?
2
What is the units digit of 100727?
7
What is the units digit of 299?
9
What is the units digit of 2416?
6
What is the thousands digit of 64272?
4
What is the hundreds digit of 4520?
5
What is the thousands digit of 1565?
1
What is the hundreds digit of 4076?
0
What is the tens digit of 13648?
4
What is the tens digit of 661?
6
What is the hundreds digit of 374?
3
What is the units digit of 65044?
4
What is the thousands digit of 6464?
6
What is the units digit of 217?
7
What is the units digit of 279?
9
What is the hundreds digit of 1759?
7
What is the hundreds digit of 10361?
3
What is the ten thousands digit of 15578?
1
What is the hundreds digit of 2366?
3
What is the thousands digit of 3458?
3
What is the thousands digit of 63422?
3
What is the hundreds digit of 45023?
0
What is the units digit of 3861?
1
What is the units digit of 2352?
2
What is the tens digit of 12714?
1
What is the hundreds digit of 2589?
5
What is the hundreds digit of 15438?
4
What is the ten thousands digit of 37103?
3
What is the tens digit of 33666?
6
What is the hundreds digit of 2664?
6
What is the tens digit of 7575?
7
What is the ten thousands digit of 49423?
4
What is the hundreds digit of 118516?
5
What is the hundreds digit of 13441?
4
What is the hundreds digit of 14631?
6
What is the tens digit of 1026?
2
What is the thousands digit of 4978?
4
What is the ten thousands digit of 20342?
2
What is the hundreds digit of 4701?
7
What is the hundreds digit of 148?
1
What is the thousands digit of 1513?
1
What is the units digit of 87694?
4
What is the thousands digit of 3084?
3
What is the thousands digit of 6069?
6
What is the ten thousands digit of 23698?
2
What is the tens digit of 1655?
5
What is the tens digit of 738?
3
What is the tens digit of 153?
5
What is the ten thousands digit of 102137?
0
What is the thousands digit of 22794?
2
What is the tens digit of 4928?
2
What is the hundreds digit of 25739?
7
What is the ten thousands digit of 26090?
2
What is the thousands digit of 1230?
1
What is the ten thousands digit of 157767?
5
What is the units digit of 26641?
1
What is the ten thousands digit of 16155?
1
What is the thousands digit of 68317?
8
What is the hundreds digit of 3933?
9
What is the hundreds digit of 26964?
9
What is the tens digit of 6850?
5
What is the units digit of 414?
4
What is the tens digit of 108191?
9
What is the units digit of 68228?
8
What is the thousands digit of 1380?
1
What is the hundreds digit of 84828?
8
What is the hundreds digit of 1929?
9
What is the units digit of 1020?
0
What is the hundreds digit of 79727?
7
What is the thousands digit of 3418?
3
What is the units digit of 32290?
0
What is the thousands digit of 1406?
1
What is the thousands digit of 3270?
3
What is the units digit of 3439?
9
What is the thousands digit of 149201?
9
What is the units digit of 1316?
6
What is the ten thousands digit of 75154?
7
What is the hundreds digit of 302?
3
What is the ten thousands digit of 22590?
2
What is the tens digit of 8943?
4
What is the hundreds digit of 12180?
1
What is the tens digit of 48414?
1
What is the hundreds digit of 468?
4
What is the tens digit of 2106?
0
What is the hundreds digit of 822?
8
What is the tens digit of 2250?
5
What is the hundreds digit of 8085?
0
What is the hundreds digit of 3618?
6
What is the tens digit of 30747?
4
What is the tens digit of 2532?
3
What is the hundreds digit of 576?
5
What is the ten thousands digit of 53719?
5
What is the tens digit of 941?
4
What is the tens digit of 625?
2
What is the tens digit of 63585?
8
What is the units digit of 1321?
1
What is the tens digit of 53415?
1
What is the units digit of 2105?
5
What is the ten thousands digit of 24074?
2
What is the tens digit of 24868?
6
What is the thousands digit of 18503?
8
What is the hundreds digit of 204?
2
What is the hundreds digit of 122?
1
What is the tens digit of 23096?
9
What is the units digit of 1409?
9
What is the hundreds digit of 1670?
6
What is the units digit of 383?
3
What is the thousands digit of 5972?
5
What is the units digit of 8872?
2
What is the hundreds digit of 23878?
8
What is the ten thousands digit of 61198?
6
What is the units digit of 28807?
7
What is the hundreds digit of 38951?
9
What is the thousands digit of 8653?
8
What is the units digit of 21564?
4
What is the units digit of 128750?
0
What is the hundreds digit of 1198?
1
What is the thousands digit of 41083?
1
What is the thousands digit of 3565?
3
What is the hundreds digit of 19919?
9
What is the tens digit of 3216?
1
What is the tens digit of 8458?
5
What is the thousands digit of 9833?
9
What is the hundreds digit of 546?
5
What is the tens digit of 2998?
9
What is the hundreds digit of 2411?
4
What is the tens digit of 653?
5
What is the tens digit of 2096?
9
What is the units digit of 678?
8
What is the thousands digit of 5881?
5
What is the thousands digit of 9530?
9
What is the thousands digit of 1561?
1
What is the thousands digit of 2323?
2
What is the thousands digit of 6507?
6
What is the hundreds digit of 1216?
2
What is the units digit of 12225?
5
What is the hundreds digit of 6629?
6
What is the hundreds digit of 1389?
3
What is the units digit of 29734?
4
What is the hundreds digit of 46403?
4
What is the units digit of 3976?
6
What is the units digit of 2883?
3
What is the hundreds digit of 1354?
3
What is the units digit of 950?
0
What is the tens digit of 1440?
4
What is the thousands digit of 5450?
5
What is the tens digit of 8487?
8
What is the tens digit of 125?
2
What is the tens digit of 2059?
5
What is the thousands digit of 4709?
4
What is the tens digit of 2771?
7
What is the hundreds digit of 270?
2
What is the thousands digit of 4090?
4
What is the ten thousands digit of 88105?
8
What is the tens digit of 6303?
0
What is the hundreds digit of 1949?
9
What is t